{"id":229,"date":"2018-07-02T13:40:04","date_gmt":"2018-07-02T11:40:04","guid":{"rendered":"http:\/\/www.xnoise.lt\/?page_id=229"},"modified":"2018-07-02T13:40:04","modified_gmt":"2018-07-02T11:40:04","slug":"tarptautine-konferencija-2014-09-23-vilnius","status":"publish","type":"page","link":"http:\/\/xnoise.lt\/index.php\/tarptautine-konferencija-2014-09-23-vilnius\/","title":{"rendered":"Tarptautin\u0117 konferencija. 2014.09.23"},"content":{"rendered":"<h2 style=\"text-align: center;\"><span style=\"color: #333399;\">\u201eAKUSTIN\u0116S PASTAT\u0172 IR J\u0172 APLINKOS SAVYB\u0116S\u201c<br \/>\n(Acoustic Climate Inside and Outside of Buildings)<\/span><\/h2>\n<p>&nbsp;<\/p>\n<h3><img loading=\"lazy\" decoding=\"async\" class=\"alignnone wp-image-388 size-full\" src=\"http:\/\/www.xnoise.lt\/wp-content\/uploads\/2018\/07\/CEAS_XNOISE_Workshop_Vilnius.jpg\" alt=\"\" width=\"906\" height=\"95\" \/><\/h3>\n<table style=\"background-color: #dcedfc;\" cellpadding=\"2\">\n<tbody>\n<tr>\n<td><strong><span style=\"color: #5694d8;\">Konferencijos med\u017eiaga<\/span><\/strong><\/td>\n<\/tr>\n<\/tbody>\n<\/table>\n<table>\n<tbody>\n<tr>\n<td>\n<ul>\n<li>Prane\u0161im\u0173 anotacijos<\/li>\n<\/ul>\n<\/td>\n<td><a href=\"http:\/\/www.xnoise.lt\/index.php\/language\/lt\/konferencijos-anotacijos\/\">skaityti \u010dia<\/a><\/td>\n<\/tr>\n<tr>\n<td>\n<ul>\n<li>Susij\u0119 straipsniai *<\/li>\n<\/ul>\n<\/td>\n<td><\/td>\n<\/tr>\n<\/tbody>\n<\/table>\n<p>&nbsp;<\/p>\n<p><strong>*Susij\u0119 straipsniai<\/strong><\/p>\n<p><a href=\"http:\/\/www.xnoise.lt\/index.php\/language\/lt\/tarptautine-konferencija-akustiniai-tyrimai-svarbus-ir-statybose-ir-aviacijoje\/\">Tarptautin\u0117 konferencija: akustiniai tyrimai svarb\u016bs ir statybose ir aviacijoje<\/a><\/p>\n<p><a href=\"http:\/\/www.xnoise.lt\/index.php\/language\/lt\/mazesnis-garsas-nereiskia-didesniu-statybos-sanaudu\/\">Ma\u017eesnis garsas nerei\u0161kia didesni\u0173 statybos s\u0105naud\u0173, reikia tik kokybi\u0161kesnio statybinink\u0173 darbo ir statybos produkt\u0173 kontrol\u0117s<\/a><\/p>\n<p>&nbsp;<\/p>\n","protected":false},"excerpt":{"rendered":"<p>\u201eAKUSTIN\u0116S PASTAT\u0172 IR J\u0172 APLINKOS SAVYB\u0116S\u201c (Acoustic Climate Inside and Outside of Buildings) &nbsp; Konferencijos med\u017eiaga Prane\u0161im\u0173 anotacijos skaityti \u010dia Susij\u0119 straipsniai * &nbsp; *Susij\u0119 straipsniai Tarptautin\u0117 konferencija: akustiniai tyrimai&#8230;<br \/><a class=\"read-more-button\" href=\"http:\/\/xnoise.lt\/index.php\/tarptautine-konferencija-2014-09-23-vilnius\/\">Read more<\/a><\/p>\n","protected":false},"author":1,"featured_media":0,"parent":0,"menu_order":0,"comment_status":"closed","ping_status":"closed","template":"","meta":{"footnotes":""},"class_list":["post-229","page","type-page","status-publish","hentry"],"_links":{"self":[{"href":"http:\/\/xnoise.lt\/index.php\/wp-json\/wp\/v2\/pages\/229","targetHints":{"allow":["GET"]}}],"collection":[{"href":"http:\/\/xnoise.lt\/index.php\/wp-json\/wp\/v2\/pages"}],"about":[{"href":"http:\/\/xnoise.lt\/index.php\/wp-json\/wp\/v2\/types\/page"}],"author":[{"embeddable":true,"href":"http:\/\/xnoise.lt\/index.php\/wp-json\/wp\/v2\/users\/1"}],"replies":[{"embeddable":true,"href":"http:\/\/xnoise.lt\/index.php\/wp-json\/wp\/v2\/comments?post=229"}],"version-history":[{"count":0,"href":"http:\/\/xnoise.lt\/index.php\/wp-json\/wp\/v2\/pages\/229\/revisions"}],"wp:attachment":[{"href":"http:\/\/xnoise.lt\/index.php\/wp-json\/wp\/v2\/media?parent=229"}],"curies":[{"name":"wp","href":"https:\/\/api.w.org\/{rel}","templated":true}]}}