{"id":190,"date":"2018-08-20T10:53:58","date_gmt":"2018-08-20T08:53:58","guid":{"rendered":"http:\/\/www.xnoise.lt\/?page_id=190"},"modified":"2021-05-26T15:41:52","modified_gmt":"2021-05-26T12:41:52","slug":"pastato-garso-klase","status":"publish","type":"page","link":"http:\/\/xnoise.lt\/index.php\/pastato-garso-klase\/","title":{"rendered":"Pastato garso klas\u0117"},"content":{"rendered":"<h2>Pastato garso klas\u0117s. Garso klasifikavimo protokolas<\/h2>\n<h2><img loading=\"lazy\" decoding=\"async\" class=\"alignright wp-image-677 size-medium\" src=\"http:\/\/www.xnoise.lt\/wp-content\/uploads\/2018\/08\/img_mikrofonaswb-300x197.jpg\" alt=\"\" width=\"300\" height=\"197\" \/><\/h2>\n<p>Pastat\u0173 sien\u0173 konstrukcijos turi gerai izoliuoti triuk\u0161m\u0105 sklindant\u012f i\u0161 i\u0161or\u0117s ir i\u0161 gretim\u0173 pastato patalp\u0173.<br \/>Perdang\u0173 konstrukcijos turi gerai izoliuoti ne tik oro, bet ir sm\u016bgio triuk\u0161m\u0105.<br \/>Pagal techninio reglamento STR 2.01.07:2003 \u201ePastat\u0173 vidaus ir i\u0161or\u0117s aplinkos apsauga nuo triuk\u0161mo\u201c nuostatas, pastatai turi atitikti tam tikrus kokyb\u0117s reikalavimus d\u0117l vidaus ir i\u0161or\u0117s aplinkos apsaugos nuo triuk\u0161mo.<\/p>\n<p>Pastat\u0173 apsaugos nuo triuk\u0161mo kokyb\u0117 yra i\u0161rei\u0161kiama penki\u0173 <strong>A, B, C, D <\/strong>ir<strong> E<\/strong> garso klasi\u0173 (akustinio komforto) sistema.<\/p>\n<table width=\"641\">\n<tbody>\n<tr style=\"background-color: #e1edfa;\">\n<td style=\"text-align: center;\" width=\"189\"><strong>A garso klas\u0117 <\/strong><\/td>\n<td width=\"382\">\u00a0ypa\u010d gero akustinio komforto s\u0105lyg\u0173 klas\u0117<\/td>\n<\/tr>\n<tr>\n<td style=\"text-align: center;\" width=\"187\"><strong>B garso klas\u0117 <\/strong><\/td>\n<td width=\"380\">\u00a0pagerinto akustinio komforto s\u0105lyg\u0173 klas\u0117<\/td>\n<\/tr>\n<tr style=\"background-color: #e1edfa;\">\n<td style=\"text-align: center;\" width=\"189\"><strong>C garso klas\u0117 <\/strong><\/td>\n<td width=\"382\">\u00a0priimtino akustinio komforto s\u0105lyg\u0173 klas\u0117<\/td>\n<\/tr>\n<tr>\n<td style=\"text-align: center;\" width=\"187\"><strong>D garso klas\u0117 <\/strong><\/td>\n<td width=\"380\">\u00a0nepakankamo akustinio komforto s\u0105lyg\u0173 klas\u0117<\/td>\n<\/tr>\n<tr style=\"background-color: #e1edfa;\">\n<td style=\"text-align: center;\" width=\"189\"><strong>E garso klas\u0117 <\/strong><\/td>\n<td width=\"382\">\u00a0ribinio akustinio komforto s\u0105lyg\u0173 klas\u0117<\/td>\n<\/tr>\n<\/tbody>\n<\/table>\n<p>\u0160ioms garso klas\u0117ms nustatyti yra naudojamos ore sklindan\u010dio garso izoliavimo, sm\u016bgio garso izoliavimo, aid\u0117jimo trukm\u0117s ir aplinkos triuk\u0161mo rodikli\u0173 vert\u0117s. Nustatyta pastato (jo element\u0173) garso klas\u0117 patvirtinama <strong><em>Garso klasifikavimo protokolu<\/em><\/strong>.<\/p>\n<p>Pagal statybos technin\u012f reglament\u0105 STR 2.01.07:2003 naujai projektuojam\u0173 dvibu\u010di\u0173, daugiabu\u010di\u0173, blokuot\u0173 gyvenam\u0173j\u0173 pastat\u0173 ir kai kuri\u0173 triuk\u0161mui jautri\u0173 negyvenam\u0173j\u0173 pastat\u0173 vidaus aplinkos garso klas\u0117 turi b\u016bti ne \u017eemesn\u0117 kaip C garso klas\u0117.<br \/>Vienbu\u010di\u0173 gyvenam\u0173j\u0173 pastat\u0173 garso klas\u0117 projektuojama statytojo (u\u017esakovo) pageidavimu, ta\u010diau ne \u017eemesn\u0117 kaip E garso klas\u0117.<\/p>\n<p>Pastato i\u0161or\u0117s aplinkos garso klas\u0117 yra informacinio pob\u016bd\u017eio.<\/p>\n<p>Pagal statybos techninio reglamento STR 1.11.01:2010 \u201eStatybos u\u017ebaigimas\u201c 3 priedo 11 punkt\u0105, pripa\u017e\u012fstant pastat\u0105 tinkamu naudoti, b\u016btina pateikti <em>Garso klasifikavimo<\/em> protokol\u0105.<\/p>\n<p>Garso klasifikavimo protokolai turi b\u016bti parengiami \u0161iems pastatams:<\/p>\n<ul>\n<li>gyvenamajam pastatui (daugiabu\u010diai, dvibu\u010diai namai);<\/li>\n<li>gydymo paskirties pastatui;<\/li>\n<li>mokslo paskirties pastatui;<\/li>\n<li>trumpalaikio apgyvendinimo pastatui (vie\u0161bu\u010diai, moteliai, kempingai).<\/li>\n<\/ul>\n<hr \/>\n<table>\n<tbody>\n<tr>\n<td>\n<p><img loading=\"lazy\" decoding=\"async\" class=\"wp-image-775 size-thumbnail\" src=\"http:\/\/www.xnoise.lt\/wp-content\/uploads\/2018\/09\/img_durys140605-150x150.jpg\" alt=\"\" width=\"150\" height=\"150\" \/><br \/>\u012e\u0117jimo durys \u012f gyvenam\u0105j\u012f nam\u0105<\/p>\n<\/td>\n<td>\n<div id=\"attachment_776\" style=\"width: 160px\" class=\"wp-caption aligncenter\"><img loading=\"lazy\" decoding=\"async\" aria-describedby=\"caption-attachment-776\" class=\"wp-image-776 size-thumbnail\" src=\"http:\/\/www.xnoise.lt\/wp-content\/uploads\/2018\/09\/img_fasadas140605-150x150.jpg\" alt=\"\" width=\"150\" height=\"150\" \/><p id=\"caption-attachment-776\" class=\"wp-caption-text\">Gyvenamojo namo fasadas<\/p><\/div>\n<\/td>\n<td style=\"text-align: center;\"><em>Nustatant pastato garso klas\u0119 (akustin\u012f komfort\u0105) \u012fvertinami \u012fvair\u016bs pastato objektai.<\/em><\/td>\n<\/tr>\n<tr>\n<td>\n<div id=\"attachment_778\" style=\"width: 160px\" class=\"wp-caption aligncenter\"><img loading=\"lazy\" decoding=\"async\" aria-describedby=\"caption-attachment-778\" class=\"wp-image-778 size-thumbnail\" src=\"http:\/\/www.xnoise.lt\/wp-content\/uploads\/2018\/09\/img_operacine_mat-150x150.jpg\" alt=\"\" width=\"150\" height=\"150\" \/><p id=\"caption-attachment-778\" class=\"wp-caption-text\">Matavimai operacin\u0117je<\/p><\/div>\n<\/td>\n<td>\n<div id=\"attachment_777\" style=\"width: 160px\" class=\"wp-caption aligncenter\"><img loading=\"lazy\" decoding=\"async\" aria-describedby=\"caption-attachment-777\" class=\"wp-image-777 size-thumbnail\" src=\"http:\/\/www.xnoise.lt\/wp-content\/uploads\/2018\/09\/img_koridorius_mat-150x150.jpg\" alt=\"\" width=\"150\" height=\"150\" \/><p id=\"caption-attachment-777\" class=\"wp-caption-text\">Matavimai gydymo paskirties pastato koridoriuje<\/p><\/div>\n<\/td>\n<td>\n<div id=\"attachment_779\" style=\"width: 160px\" class=\"wp-caption aligncenter\"><img loading=\"lazy\" decoding=\"async\" aria-describedby=\"caption-attachment-779\" class=\"wp-image-779 size-thumbnail\" src=\"http:\/\/www.xnoise.lt\/wp-content\/uploads\/2018\/09\/img_operacine2_800pcx-150x150.jpg\" alt=\"\" width=\"150\" height=\"150\" \/><p id=\"caption-attachment-779\" class=\"wp-caption-text\">Matavimai operacin\u0117je<\/p><\/div>\n<\/td>\n<\/tr>\n<\/tbody>\n<\/table>\n\n\n<p><\/p>\n","protected":false},"excerpt":{"rendered":"<p>Pastato garso klas\u0117s. Garso klasifikavimo protokolas Pastat\u0173 sien\u0173 konstrukcijos turi gerai izoliuoti triuk\u0161m\u0105 sklindant\u012f i\u0161 i\u0161or\u0117s ir i\u0161 gretim\u0173 pastato patalp\u0173.Perdang\u0173 konstrukcijos turi gerai izoliuoti ne tik oro, bet ir&#8230;<br \/><a class=\"read-more-button\" href=\"http:\/\/xnoise.lt\/index.php\/pastato-garso-klase\/\">Read more<\/a><\/p>\n","protected":false},"author":1,"featured_media":0,"parent":0,"menu_order":0,"comment_status":"closed","ping_status":"closed","template":"","meta":{"footnotes":""},"class_list":["post-190","page","type-page","status-publish","hentry"],"_links":{"self":[{"href":"http:\/\/xnoise.lt\/index.php\/wp-json\/wp\/v2\/pages\/190","targetHints":{"allow":["GET"]}}],"collection":[{"href":"http:\/\/xnoise.lt\/index.php\/wp-json\/wp\/v2\/pages"}],"about":[{"href":"http:\/\/xnoise.lt\/index.php\/wp-json\/wp\/v2\/types\/page"}],"author":[{"embeddable":true,"href":"http:\/\/xnoise.lt\/index.php\/wp-json\/wp\/v2\/users\/1"}],"replies":[{"embeddable":true,"href":"http:\/\/xnoise.lt\/index.php\/wp-json\/wp\/v2\/comments?post=190"}],"version-history":[{"count":10,"href":"http:\/\/xnoise.lt\/index.php\/wp-json\/wp\/v2\/pages\/190\/revisions"}],"predecessor-version":[{"id":1712,"href":"http:\/\/xnoise.lt\/index.php\/wp-json\/wp\/v2\/pages\/190\/revisions\/1712"}],"wp:attachment":[{"href":"http:\/\/xnoise.lt\/index.php\/wp-json\/wp\/v2\/media?parent=190"}],"curies":[{"name":"wp","href":"https:\/\/api.w.org\/{rel}","templated":true}]}}