{"id":19,"date":"2018-06-13T16:59:20","date_gmt":"2018-06-13T14:59:20","guid":{"rendered":"http:\/\/www.xnoise.lt\/?page_id=19"},"modified":"2023-06-16T15:51:08","modified_gmt":"2023-06-16T12:51:08","slug":"apie-mus","status":"publish","type":"page","link":"http:\/\/xnoise.lt\/index.php\/apie-mus\/","title":{"rendered":"Apie mus"},"content":{"rendered":"<table width=\"386\">\n<tbody>\n<tr>\n<td style=\"text-align: center;\" width=\"50%\">Vilniaus Gedimino technikos universitetas<br \/>\nTermoizoliacijos mokslo instituto<strong><br \/>\n<\/strong>akredituota ir notifikuota<\/p>\n<h4 style=\"text-align: center;\"><strong>AKUSTIKOS LABORATORIJA<\/strong><\/h4>\n<\/td>\n<td width=\"50%\">\u00a0<a href=\"http:\/\/www.xnoise.lt\/wp-content\/uploads\/2009\/11\/img_002.jpg\" rel=\"attachment wp-att-336\"><img loading=\"lazy\" decoding=\"async\" class=\"aligncenter wp-image-336 size-full\" src=\"http:\/\/ausis.lt\/wp-content\/uploads\/2018\/02\/img_002.jpg\" alt=\"\" width=\"283\" height=\"203\" \/><\/a><\/td>\n<\/tr>\n<\/tbody>\n<\/table>\n<p><!--more--><\/p>\n<p>Laboratorijos vadovas:<\/p>\n<p>Technikos moksl\u0173 daktaras Aleksandras Jagniatinskis<\/p>\n<p>tel.: 8 699 21998; 85 275 11 45<\/p>\n<p>el. p.: akustika@vgtu.lt<\/p>\n<p>Akustikos laboratorija daugiau nei 40 met\u0173 dirba pastat\u0173 statybin\u0117s akustikos ir triuk\u0161mo kontrol\u0117s gyvenamosios bei darbo aplinkos srityse. Atlieka laboratorinius ir nat\u016brinius akustini\u0173 rodikli\u0173 akredituotus matavimus, pastat\u0173 garso klasifikavim\u0105, aplinkos triuk\u0161mo monitoring\u0105 bei mokslo tyrimus.<\/p>\n<p>Lietuvos nacionalinis akreditacijos biuras (NAB) 1999-09-28 Akustikos laboratorijai \u012fteik\u0117 akreditavimo pa\u017eym\u0117jim\u0105 Nr.\u00a0LA.01.28 ir patvirtino technin\u0119 kompetencij\u0105 akreditavimo srityje i\u0161vardytiems bandymams atlikti, \u017er. akreditavimo srit\u012f Nacionalinio akreditacijos biuro (NAB) svetain\u0117je.<\/p>\n<p>Notifikuotos (paskelbtosios) laboratorijos status\u0105 laboratorija \u012fgijo 2009-10-02, kai NAB patvirtino VGTU Termoizoliacijos mokslo instituto (Akustikos laboratorijos) kompetencij\u0105 atlikti termoizoliacini\u0173 med\u017eiag\u0173 notifikuotus garso sugerties bandymus ir atlikti atitikties \u012fvertinimo proced\u016bras pagal ES reglamento Nr.\u00a0305\/2011 reikalavimus, \u017er. notifikavimo srit\u012f NAB svetain\u0117je.<\/p>\n<p><!--more--><\/p>\n<h4><strong>LABORATORIJOS VEIKLOS KRYPTYS<\/strong><\/h4>\n<h6><em><br \/>\n<\/em>PASTAT\u0172 STATYBIN\u0116S AKUSTIKOS SRITIS<\/h6>\n<ul>\n<li>Gyvenam\u0173j\u0173 ir visuomenini\u0173 pastat\u0173 fasad\u0173, pertvar\u0173 tarp but\u0173 oro garso izoliavimo matavimai nat\u016brin\u0117mis s\u0105lygomis<\/li>\n<li>Gyvenam\u0173j\u0173 ir visuomenini\u0173 pastat\u0173 perdang\u0173 oro ir sm\u016bgio garso izoliavimo bei rodikli\u0173 matavimai nat\u016brin\u0117mis s\u0105lygomis<\/li>\n<li>Aid\u0117jimo trukm\u0117s matavimai gyvenam\u0173j\u0173, visuomenini\u0173 bei kitos paskirties pastat\u0173 patalpose<\/li>\n<li>Pastat\u0173 i\u0161or\u0117s aplinkos ir in\u017einerin\u0117s \u012frangos triuk\u0161mo matavimai<\/li>\n<li>I\u0161matuot\u0173 akustini\u0173 rodikli\u0173 pagrindu atlieka<\/li>\n<\/ul>\n<p>daugiabu\u010dio ar dvibu\u010dio namo,<\/p>\n<p>gydymo paskirties pastato,<\/p>\n<p>mokslo paskirties pastato,<\/p>\n<p>vie\u0161bu\u010dio paskirties pastato<\/p>\n<p>ir poilsio nam\u0173<\/p>\n<p>garso klas\u0117s \u012fvertinim\u0105 i\u0161ra\u0161ant STR 2.01.07:2003 nurodyt\u0105 garso klasifikavimo protokol\u0105, kuris reikalingas statini\u0173 pri\u0117mimo Komisijai pagal STR 1.11.01:2010\u00a03\u00a0priedo 11\u00a0p. pripa\u017e\u012fstant pastat\u0105 tinkamu naudoti.<\/p>\n<p>Konsultuojame specialistus ir gyventojus:<\/p>\n<p>&#8211;\u00a0\u00a0\u00a0\u00a0 nustatant projektin\u0119 garso klas\u0119;<\/p>\n<p>&#8211;\u00a0\u00a0\u00a0\u00a0 gars\u0105 izoliuojan\u010di\u0173 bei sugerian\u010di\u0173 med\u017eiag\u0173 efektyvaus panaudojimo klausimais;<\/p>\n<p>&#8211;\u00a0\u00a0\u00a0\u00a0 akustinio komforto s\u0105lyg\u0173 pagerinimo klausimais.<\/p>\n<p>Gyventoj\u0173 skund\u0173 d\u0117l padid\u0117jusio triuk\u0161mo gyvenamosiose patalpose tyrimas ir but\u0173 atitvarini\u0173 konstrukcij\u0173 (pertvar\u0173 ir perdang\u0173) garso izoliavimo savybi\u0173 nustatymas<\/p>\n<p>Rengiamos rekomendacijos atitvar\u0173 garso izoliavimo savyb\u0117ms gerinti.<\/p>\n<h6><em><br \/>\n<\/em>STATYBINI\u0172 MED\u017dIAG\u0172 IR GAMINI\u0172 TYRIMAI<\/h6>\n<ul>\n<li>Statybini\u0173 med\u017eiag\u0173 garso sugerties matavimas\u00a0aid\u0117jimo kameroje<\/li>\n<li>Laboratoriniai lang\u0173, dur\u0173, stiklo paket\u0173 ir atitvarini\u0173 konstrukcij\u0173 garso izoliavimo savybi\u0173 matavimai aid\u0117jimo kamer\u0173 komplekse<\/li>\n<li>Elektrini\u0173 ma\u0161in\u0173 ir buitini\u0173 \u012frengini\u0173 garso galios nustatymas<\/li>\n<li>Keli\u0173 triuk\u0161mo \u012frengini\u0173 (akustini\u0173 barjer\u0173) akustini\u0173 savybi\u0173 tyrimai aid\u0117jimo kamerose ir akustinio efektyvumo nustatymas nat\u016brin\u0117mis s\u0105lygomis<\/li>\n<li>Lauko s\u0105lygomis naudojamos \u012frangos triuk\u0161mo deklaruojam\u0173 dyd\u017ei\u0173 garso galios nustatymas pagal 2000\/14\/EB (STR 2.01.08:2003)<\/li>\n<\/ul>\n<p><!--more--><\/p>\n<h6><em><br \/>\n<\/em>KITI AKUSTINIAI MATAVIMAI IR TIRIAMIEJI DARBAI<\/h6>\n<ul>\n<li>Atlieka aplinkos triuk\u0161mo (gyvenamosios, automobili\u0173, gele\u017einkelio, orlaivi\u0173 ir pramon\u0117s objekt\u0173) monitoring\u0105<\/li>\n<li>Matuoja visus triuk\u0161mo parametrus gamybin\u0117se patalpose bei teritorijoje,\u00a0 gyventojams ir organizacijoms rengia rekomendacijas triuk\u0161mui ma\u017einti vidaus patalpose ir i\u0161or\u0117s aplinkoje<\/li>\n<li>Laboratorijos specialistai dalyvauja tarptautiniuose projektuose, technikos komiteto LST TK\u00a031 \u201eAkustika\u201c ir CEN\/ISO darbo grupi\u0173 veikloje<\/li>\n<\/ul>\n<h4>NAUDOJAMA \u012eRANGA<\/h4>\n<ul>\n<li>LST EN ISO\u00a0354 reikalavimus atitinkanti 210\u00a0m<sup>3<\/sup> t\u016brio aid\u0117jimo kamera, kurioje atliekami med\u017eiag\u0173 ir konstrukcij\u0173 garso sugerties, ma\u0161in\u0173 bei buitini\u0173 prietais\u0173 garso galios matavimai ir moksliniai tyrimai.<\/li>\n<li>LST EN ISO\u00a010140 serijos reikalavimus atitinkantis horizontaliai gretim\u0173 101\u00a0m<sup>3<\/sup> ir 65 m<sup>3<\/sup> t\u016brio aid\u0117jimo kamer\u0173 kompleksas, kuriame atliekami atitvar\u0173 (lang\u0173, stiklo paket\u0173, dur\u0173 ir pertvarini\u0173 konstrukcij\u0173) oro garso izoliavimo rodikli\u0173 matavimai ir moksliniai tyrimai.<\/li>\n<li>Mobilioji dviej\u0173 kanal\u0173 ilgalaikio garso analizavimo stotis aplinkos triuk\u0161mo monitoringui.<\/li>\n<li>Metrologi\u0161kai \u012fteisinta garso su\u017eadinimo ir analizavimo \u012franga.<\/li>\n<\/ul>\n<hr \/>\n<div id=\"attachment_299\" style=\"width: 577px\" class=\"wp-caption aligncenter\"><img loading=\"lazy\" decoding=\"async\" aria-describedby=\"caption-attachment-299\" class=\"wp-image-299 size-full\" src=\"http:\/\/www.xnoise.lt\/wp-content\/uploads\/2018\/06\/aidejimo_kameru_.jpg\" alt=\"Aid\u0117jimo kamera\" width=\"567\" height=\"375\" \/><p id=\"caption-attachment-299\" class=\"wp-caption-text\"><em>LST EN ISO 354\u00a0 standarto reikalavimus atitinkanti 210 m<sup>3<\/sup> aid\u0117jimo kamera.<\/em><\/p><\/div>\n<hr \/>\n<div id=\"attachment_301\" style=\"width: 577px\" class=\"wp-caption aligncenter\"><img loading=\"lazy\" decoding=\"async\" aria-describedby=\"caption-attachment-301\" class=\"wp-image-301\" src=\"http:\/\/www.xnoise.lt\/wp-content\/uploads\/2018\/06\/interfer_du.jpg\" alt=\"Interferometras\" width=\"567\" height=\"364\" \/><p id=\"caption-attachment-301\" class=\"wp-caption-text\"><em>EN ISO 10534-1 standarto reikalavimus atitinkantis akustinis interferometras.<\/em><\/p><\/div>\n<hr \/>\n<p style=\"text-align: center;\"><a href=\"http:\/\/www.xnoise.lt\/wp-content\/uploads\/2018\/08\/al_notifikuotos.pdf\">Akustikos laboratorijos paskelbtosios (notifikuotos) veiklos sritis<\/a><\/p>\n<hr \/>\n<hr \/>\n<p style=\"text-align: center;\"><a href=\"http:\/\/www.xnoise.lt\/wp-content\/uploads\/2018\/08\/aktuali_sratit_iv_L2017.pdf\">Aktuali akreditavimo sritis ir Atitikties \u012fvertinimo sritis<\/a><\/p>\n<hr \/>\n<p><img loading=\"lazy\" decoding=\"async\" class=\"wp-image-726 size-medium aligncenter\" src=\"http:\/\/www.xnoise.lt\/wp-content\/uploads\/2018\/08\/akreditavimas_pz-211x300.jpg\" alt=\"\" width=\"211\" height=\"300\" \/><\/p>\n","protected":false},"excerpt":{"rendered":"<p>Vilniaus Gedimino technikos universitetas Termoizoliacijos mokslo instituto akredituota ir notifikuota AKUSTIKOS LABORATORIJA \u00a0<\/p>\n","protected":false},"author":1,"featured_media":0,"parent":0,"menu_order":0,"comment_status":"closed","ping_status":"closed","template":"","meta":{"footnotes":""},"class_list":["post-19","page","type-page","status-publish","hentry"],"_links":{"self":[{"href":"http:\/\/xnoise.lt\/index.php\/wp-json\/wp\/v2\/pages\/19","targetHints":{"allow":["GET"]}}],"collection":[{"href":"http:\/\/xnoise.lt\/index.php\/wp-json\/wp\/v2\/pages"}],"about":[{"href":"http:\/\/xnoise.lt\/index.php\/wp-json\/wp\/v2\/types\/page"}],"author":[{"embeddable":true,"href":"http:\/\/xnoise.lt\/index.php\/wp-json\/wp\/v2\/users\/1"}],"replies":[{"embeddable":true,"href":"http:\/\/xnoise.lt\/index.php\/wp-json\/wp\/v2\/comments?post=19"}],"version-history":[{"count":8,"href":"http:\/\/xnoise.lt\/index.php\/wp-json\/wp\/v2\/pages\/19\/revisions"}],"predecessor-version":[{"id":2417,"href":"http:\/\/xnoise.lt\/index.php\/wp-json\/wp\/v2\/pages\/19\/revisions\/2417"}],"wp:attachment":[{"href":"http:\/\/xnoise.lt\/index.php\/wp-json\/wp\/v2\/media?parent=19"}],"curies":[{"name":"wp","href":"https:\/\/api.w.org\/{rel}","templated":true}]}}