{"id":1797,"date":"2021-10-13T14:50:25","date_gmt":"2021-10-13T11:50:25","guid":{"rendered":"http:\/\/xnoise.lt\/?page_id=1797"},"modified":"2023-06-16T15:54:56","modified_gmt":"2023-06-16T12:54:56","slug":"events-en","status":"publish","type":"page","link":"http:\/\/xnoise.lt\/index.php\/events-en\/","title":{"rendered":"Rengini\u0173 s\u0105ra\u0161as"},"content":{"rendered":"<div class=\"ecs-no-events\">There are no upcoming events.<\/div>\n\n\n<p><\/p>\n","protected":false},"excerpt":{"rendered":"","protected":false},"author":1,"featured_media":0,"parent":0,"menu_order":0,"comment_status":"closed","ping_status":"closed","template":"","meta":{"footnotes":""},"class_list":["post-1797","page","type-page","status-publish","hentry"],"_links":{"self":[{"href":"http:\/\/xnoise.lt\/index.php\/wp-json\/wp\/v2\/pages\/1797","targetHints":{"allow":["GET"]}}],"collection":[{"href":"http:\/\/xnoise.lt\/index.php\/wp-json\/wp\/v2\/pages"}],"about":[{"href":"http:\/\/xnoise.lt\/index.php\/wp-json\/wp\/v2\/types\/page"}],"author":[{"embeddable":true,"href":"http:\/\/xnoise.lt\/index.php\/wp-json\/wp\/v2\/users\/1"}],"replies":[{"embeddable":true,"href":"http:\/\/xnoise.lt\/index.php\/wp-json\/wp\/v2\/comments?post=1797"}],"version-history":[{"count":3,"href":"http:\/\/xnoise.lt\/index.php\/wp-json\/wp\/v2\/pages\/1797\/revisions"}],"predecessor-version":[{"id":2419,"href":"http:\/\/xnoise.lt\/index.php\/wp-json\/wp\/v2\/pages\/1797\/revisions\/2419"}],"wp:attachment":[{"href":"http:\/\/xnoise.lt\/index.php\/wp-json\/wp\/v2\/media?parent=1797"}],"curies":[{"name":"wp","href":"https:\/\/api.w.org\/{rel}","templated":true}]}}